s divided by 12.
7
Calculate the remainder when 1283 is divided by 102.
59
Calculate the remainder when 210 is divided by 9.
3
Calculate the remainder when 101 is divided by 27.
20
Calculate the remainder when 335 is divided by 39.
23
What is the remainder when 678 is divided by 57?
51
What is the remainder when 8 is divided by 3?
2
Calculate the remainder when 420 is divided by 122.
54
Calculate the remainder when 1075 is divided by 158.
127
What is the remainder when 626 is divided by 79?
73
What is the remainder when 145 is divided by 123?
22
Calculate the remainder when 2096 is divided by 15.
11
What is the remainder when 484 is divided by 81?
79
Calculate the remainder when 9287 is divided by 43.
42
Calculate the remainder when 1701 is divided by 241.
14
What is the remainder when 85 is divided by 54?
31
Calculate the remainder when 136 is divided by 35.
31
Calculate the remainder when 5160 is divided by 13.
12
Calculate the remainder when 243 is divided by 84.
75
What is the remainder when 387 is divided by 63?
9
Calculate the remainder when 62 is divided by 30.
2
Calculate the remainder when 2286 is divided by 228.
6
What is the remainder when 39 is divided by 16?
7
Calculate the remainder when 20244 is divided by 106.
104
What is the remainder when 210 is divided by 99?
12
Calculate the remainder when 25 is divided by 14.
11
What is the remainder when 413 is divided by 16?
13
Calculate the remainder when 2917 is divided by 145.
17
What is the remainder when 300 is divided by 79?
63
Calculate the remainder when 1402 is divided by 39.
37
Calculate the remainder when 115 is divided by 21.
10
What is the remainder when 4841 is divided by 161?
11
What is the remainder when 293 is divided by 52?
33
Calculate the remainder when 10245 is divided by 125.
120
Calculate the remainder when 92 is divided by 46.
0
What is the remainder when 929 is divided by 232?
1
Calculate the remainder when 2694 is divided by 35.
34
What is the remainder when 82 is divided by 12?
10
Calculate the remainder when 764 is divided by 45.
44
Calculate the remainder when 887 is divided by 416.
55
What is the remainder when 322 is divided by 49?
28
Calculate the remainder when 98 is divided by 50.
48
What is the remainder when 693 is divided by 58?
55
What is the remainder when 723 is divided by 87?
27
Calculate the remainder when 4738 is divided by 11.
8
What is the remainder when 78 is divided by 48?
30
Calculate the remainder when 3330 is divided by 14.
12
What is the remainder when 852 is divided by 284?
0
Calculate the remainder when 62 is divided by 36.
26
Calculate the remainder when 74 is divided by 41.
33
What is the remainder when 299 is divided by 128?
43
Calculate the remainder when 4923 is divided by 9.
0
Calculate the remainder when 69 is divided by 62.
7
What is the remainder when 1623 is divided by 3?
0
Calculate the remainder when 1359 is divided by 34.
33
Calculate the remainder when 1402 is divided by 36.
34
What is the remainder when 504 is divided by 360?
144
Calculate the remainder when 2980 is divided by 21.
19
Calculate the remainder when 802 is divided by 49.
18
What is the remainder when 52 is divided by 7?
3
Calculate the remainder when 900 is divided by 21.
18
Calculate the remainder when 94 is divided by 50.
44
Calculate the remainder when 26690 is divided by 41.
40
Calculate the remainder when 67 is divided by 15.
7
Calculate the remainder when 85 is divided by 31.
23
What is the remainder when 164 is divided by 14?
10
Calculate the remainder when 1017 is divided by 506.
5
What is the remainder when 2708 is divided by 865?
113
What is the remainder when 477 is divided by 13?
9
What is the remainder when 1133 is divided by 169?
119
Calculate the remainder when 2782 is divided by 121.
120
What is the remainder when 1148 is divided by 72?
68
What is the remainder when 1375 is divided by 130?
75
Calculate the remainder when 3148 is divided by 70.
68
What is the remainder when 93 is divided by 13?
2
What is the remainder when 178 is divided by 49?
31
Calculate the remainder when 1440 is divided by 526.
388
Calculate the remainder when 710 is divided by 51.
47
What is the remainder when 2506 is divided by 278?
4
Calculate the remainder when 152 is divided by 40.
32
What is the remainder when 396 is divided by 116?
48
What is the remainder when 2066 is divided by 294?
8
What is the remainder when 166 is divided by 21?
19
What is the remainder when 25 is divided by 8?
1
What is the remainder when 82 is divided by 52?
30
Calculate the remainder when 42 is divided by 4.
2
Calculate the remainder when 1851 is divided by 31.
22
What is the remainder when 2838 is divided by 94?
18
What is the remainder when 7890 is divided by 329?
323
What is the remainder when 4081 is divided by 157?
156
Calculate the remainder when 3152 is divided by 1050.
2
What is the remainder when 3811 is divided by 93?
91
Calculate the remainder when 252 is divided by 109.
34
What is the remainder when 487 is divided by 143?
58
Calculate the remainder when 310 is divided by 155.
0
Calculate the remainder when 3338 is divided by 167.
165
Calculate the remainder when 643 is divided by 211.
10
Calculate the remainder when 394 is divided by 57.
52
Calculate the remainder when 10286 is divided by 4.
2
Calculate the remainder when 213 is divided by 18.
15
Calculate the remainder when 81 is divided by 12.
9
What is the remainder when 88 is divided by 31?
26
Calculate the remainder when 192 is divided by 17.
5
Calculate the remainder when 26539 is divided by 209.
205
Calculate the remainder when 14 is divided by 12.
2
Calculate the remainder when 3526 is divided by 31.
23
What is the remainder when 31 is divided by 13?
5
What is the remainder when 2715 is divided by 21?
6
Calculate the remainder when 134 is divided by 44.
2
Calculate the remainder when 188 is divided by 15.
8
What is the remainder when 70 is divided by 27?
16
Calculate the remainder when 89 is divided by 43.
3
Calculate the remainder when 15519 is divided by 78.
75
What is the remainder when 108 is divided by 5?
3
Calculate the remainder when 96 is divided by 52.
44
Calculate the remainder when 103 is divided by 25.
3
What is the remainder when 550 is divided by 92?
90
What is the remainder when 2100 is divided by 26?
20
What is the remainder when 1121 is divided by 34?
33
What is the remainder when 31 is divided by 10?
1
What is the remainder when 1574 is divided by 75?
74
What is the remainder when 261 is divided by 55?
41
Calculate the remainder when 152 is divided by 37.
4
What is the remainder when 474 is divided by 212?
50
What is the remainder when 1293 is divided by 53?
21
What is the remainder when 424 is divided by 56?
32
What is the remainder when 104 is divided by 12?
8
Calculate the remainder when 342 is divided by 164.
14
What is the remainder when 688 is divided by 177?
157
Calculate the remainder when 752 is divided by 496.
256
What is the remainder when 172 is divided by 52?
16
What is the remainder when 72 is divided by 63?
9
Calculate the remainder when 100 is divided by 3.
1
What is the remainder when 93 is divided by 68?
25
Calculate the remainder when 189 is divided by 24.
21
What is the remainder when 18 is divided by 8?
2
Calculate the remainder when 508 is divided by 16.
12
What is the remainder when 51 is divided by 49?
2
What is the remainder when 4631 is divided by 12?
11
Calculate the remainder when 174 is divided by 37.
26
What is the remainder when 142 is divided by 114?
28
What is the remainder when 473 is divided by 300?
173
Calculate the remainder when 27 is divided by 15.
12
What is the remainder when 6233 is divided by 77?
73
What is the remainder when 590 is divided by 201?
188
Calculate the remainder when 46 is divided by 16.
14
Calculate the remainder when 76 is divided by 44.
32
Calculate the remainder when 361 is divided by 329.
32
What is the remainder when 420 is divided by 86?
76
What is the remainder when 760 is divided by 390?
370
Calculate the remainder when 2043 is divided by 508.
11
What is the remainder when 2078 is divided by 9?
8
Calculate the remainder when 148 is divided by 70.
8
What is the remainder when 13046 is divided by 87?
83
What is the remainder when 4821